is divided by 13.
11
What is the remainder when 399 is divided by 16?
15
What is the remainder when 919 is divided by 14?
9
What is the remainder when 382 is divided by 13?
5
Calculate the remainder when 156 is divided by 58.
40
What is the remainder when 118 is divided by 11?
8
What is the remainder when 12847 is divided by 189?
184
What is the remainder when 48 is divided by 21?
6
Calculate the remainder when 1425 is divided by 14.
11
What is the remainder when 534 is divided by 188?
158
What is the remainder when 289 is divided by 10?
9
What is the remainder when 5019 is divided by 4?
3
What is the remainder when 636 is divided by 91?
90
What is the remainder when 53 is divided by 32?
21
What is the remainder when 917 is divided by 27?
26
What is the remainder when 120 is divided by 59?
2
What is the remainder when 193 is divided by 29?
19
What is the remainder when 76 is divided by 5?
1
Calculate the remainder when 106 is divided by 12.
10
Calculate the remainder when 131 is divided by 118.
13
What is the remainder when 434 is divided by 6?
2
What is the remainder when 278 is divided by 10?
8
Calculate the remainder when 149 is divided by 27.
14
What is the remainder when 283 is divided by 24?
19
Calculate the remainder when 298 is divided by 50.
48
Calculate the remainder when 179 is divided by 85.
9
What is the remainder when 1147 is divided by 55?
47
What is the remainder when 140 is divided by 58?
24
Calculate the remainder when 283 is divided by 15.
13
Calculate the remainder when 114 is divided by 39.
36
Calculate the remainder when 232 is divided by 40.
32
Calculate the remainder when 506 is divided by 14.
2
What is the remainder when 215 is divided by 112?
103
What is the remainder when 316 is divided by 6?
4
What is the remainder when 6823 is divided by 91?
89
Calculate the remainder when 693 is divided by 6.
3
Calculate the remainder when 188 is divided by 11.
1
Calculate the remainder when 884 is divided by 79.
15
What is the remainder when 57 is divided by 34?
23
Calculate the remainder when 107 is divided by 96.
11
Calculate the remainder when 19839 is divided by 248.
247
What is the remainder when 277 is divided by 97?
83
Calculate the remainder when 106 is divided by 19.
11
Calculate the remainder when 7887 is divided by 152.
135
Calculate the remainder when 154 is divided by 19.
2
What is the remainder when 220 is divided by 122?
98
What is the remainder when 83 is divided by 32?
19
What is the remainder when 180 is divided by 11?
4
Calculate the remainder when 134 is divided by 32.
6
What is the remainder when 119 is divided by 24?
23
Calculate the remainder when 732 is divided by 16.
12
Calculate the remainder when 19 is divided by 8.
3
Calculate the remainder when 53 is divided by 45.
8
What is the remainder when 167 is divided by 161?
6
What is the remainder when 234 is divided by 18?
0
Calculate the remainder when 4492 is divided by 90.
82
What is the remainder when 1260 is divided by 13?
12
What is the remainder when 4135 is divided by 10?
5
What is the remainder when 66 is divided by 6?
0
Calculate the remainder when 199 is divided by 34.
29
Calculate the remainder when 150 is divided by 61.
28
Calculate the remainder when 181 is divided by 23.
20
Calculate the remainder when 97 is divided by 2.
1
Calculate the remainder when 1650 is divided by 13.
12
What is the remainder when 161 is divided by 55?
51
What is the remainder when 269 is divided by 54?
53
What is the remainder when 434 is divided by 37?
27
Calculate the remainder when 3955 is divided by 120.
115
What is the remainder when 563 is divided by 353?
210
Calculate the remainder when 169 is divided by 60.
49
What is the remainder when 84 is divided by 57?
27
What is the remainder when 564 is divided by 37?
9
What is the remainder when 64 is divided by 29?
6
Calculate the remainder when 407 is divided by 74.
37
What is the remainder when 1051 is divided by 13?
11
Calculate the remainder when 1034 is divided by 14.
12
What is the remainder when 1378 is divided by 19?
10
Calculate the remainder when 237 is divided by 142.
95
What is the remainder when 177 is divided by 12?
9
Calculate the remainder when 2910 is divided by 13.
11
What is the remainder when 23 is divided by 4?
3
Calculate the remainder when 6757 is divided by 1688.
5
What is the remainder when 268 is divided by 77?
37
Calculate the remainder when 55 is divided by 9.
1
Calculate the remainder when 422 is divided by 25.
22
Calculate the remainder when 3667 is divided by 60.
7
Calculate the remainder when 3958 is divided by 107.
106
Calculate the remainder when 28 is divided by 16.
12
Calculate the remainder when 33 is divided by 15.
3
Calculate the remainder when 617 is divided by 32.
9
Calculate the remainder when 43 is divided by 32.
11
What is the remainder when 167 is divided by 51?
14
What is the remainder when 415 is divided by 135?
10
What is the remainder when 201 is divided by 55?
36
What is the remainder when 2362 is divided by 11?
8
What is the remainder when 879 is divided by 175?
4
What is the remainder when 208 is divided by 120?
88
What is the remainder when 196 is divided by 26?
14
What is the remainder when 349 is divided by 5?
4
What is the remainder when 1378 is divided by 194?
20
What is the remainder when 470 is divided by 92?
10
Calculate the remainder when 2745 is divided by 682.
17
What is the remainder when 2094 is divided by 200?
94
What is the remainder when 121 is divided by 31?
28
Calculate the remainder when 1289 is divided by 411.
56
Calculate the remainder when 847 is divided by 272.
31
What is the remainder when 2902 is divided by 121?
119
What is the remainder when 846 is divided by 228?
162
What is the remainder when 9897 is divided by 33?
30
Calculate the remainder when 126 is divided by 10.
6
Calculate the remainder when 34 is divided by 4.
2
What is the remainder when 1412 is divided by 4?
0
What is the remainder when 41 is divided by 10?
1
What is the remainder when 663 is divided by 111?
108
What is the remainder when 247 is divided by 38?
19
Calculate the remainder when 585 is divided by 98.
95
What is the remainder when 292 is divided by 20?
12
What is the remainder when 212 is divided by 118?
94
Calculate the remainder when 282 is divided by 15.
12
What is the remainder when 3047 is divided by 8?
7
What is the remainder when 158 is divided by 32?
30
What is the remainder when 82 is divided by 14?
12
What is the remainder when 720 is divided by 123?
105
Calculate the remainder when 61 is divided by 17.
10
What is the remainder when 432 is divided by 109?
105
Calculate the remainder when 100 is divided by 28.
16
Calculate the remainder when 288 is divided by 87.
27
Calculate the remainder when 10599 is divided by 57.
54
Calculate the remainder when 366 is divided by 91.
2
Calculate the remainder when 661 is divided by 21.
10
Calculate the remainder when 44 is divided by 15.
14
Calculate the remainder when 1837 is divided by 92.
89
What is the remainder when 1589 is divided by 459?
212
What is the remainder when 546 is divided by 408?
138
Calculate the remainder when 1179 is divided by 212.
119
What is the remainder when 2182 is divided by 95?
92
What is the remainder when 2378 is divided by 57?
41
What is the remainder when 737 is divided by 330?
77
Calculate the remainder when 730 is divided by 153.
118
What is the remainder when 6859 is divided by 35?
34
Calculate the remainder when 12277 is divided by 2455.
2
What is the remainder when 224 is divided by 76?
72
What is the remainder when 260 is divided by 3?
2
What is the remainder when 161 is divided by 144?
17
Calculate the remainder when 2860 is divided by 55.
0
What is the remainder when 186 is divided by 93?
0
Calculate the remainder when 57 is divided by 39.
18
What is the remainder when 396 is divided by 3?
0
What is the remainder when 836 is divided by 20?
16
What is the remainder when 2776 is divided by 6?
4
What is the remainder when 150 is divided by 38?
36
Calculate the remainder when 792 is divided by 599.
193
What is the remainder when 28 is divided by 15?
13
What is the remainder when 11785 is divided by 14?
11
Calculate the remainder when 998 is divided by 22.
8
Calculate the remainder 